s**3 - 2*s**2 - 2*s - 3. Let i be d(4). Let j(w) = -w**2 - 13*w - 16. Let z be j(-10). Calculate the greatest common factor of i and z.
7
Suppose -q + 12 = 4*v, -6 + 0 = -4*q + 5*v. Let t be (4/(-1) + 60)/(8/4). Calculate the highest common factor of t and q.
4
Suppose -4*g - p = -2*p + 13, 0 = -3*p + 3. Let h = g + 1. Let w be 0*(-1)/h + 8. What is the greatest common factor of w and 32?
8
Suppose 4*a + 4*g = 2*g - 26, 4*a - 2*g + 38 = 0. Let l = a - -108. Let z(u) = -10*u. Let s be z(-1). What is the greatest common factor of s and l?
10
Suppose 4 = -c + 14. Suppose -3*g - 21 = -3*f + 3, -34 = -3*f - 2*g. Calculate the greatest common factor of f and c.
10
Let s be 7/(14/44) + -1. Suppose 0*q = 4*q - 2*d - 84, 5*q - 105 = 4*d. Calculate the highest common divisor of q and s.
21
Suppose 0 = 2*t + t - 6. What is the greatest common factor of 4 and t?
2
Let a = -4 + 3. Let s be -4*(a + 31/(-4)). Let o(z) = z**3 - 8*z**2 + 7*z + 5. Let r be o(7). Calculate the highest common divisor of s and r.
5
Suppose 0 = -4*o + 2*o. Let w(n) = 2*n**2 + o*n**2 - n - 2 - n**2. Let k be w(3). Calculate the greatest common factor of 20 and k.
4
Let o be (-2)/3 - (5 + 220/(-15)). What is the greatest common divisor of o and 36?
9
Let f be (-22)/(-5) - (-2)/(-5). Let m = -647 - -679. Calculate the greatest common factor of f and m.
4
Let r be (-1)/(303/(-75) + 4). Calculate the greatest common divisor of 10 and r.
5
Let z(d) = -2*d - 11. Let q be z(-6). Suppose -3*u + 2*l = -0*u - 15, -2*u + 5*l - q = 0. Calculate the greatest common factor of u and 49.
7
Suppose 2*w = -3*d + 61, 2*d - 4*w - 68 = -22. Calculate the greatest common factor of d and 14.
7
Suppose -4*k = 9*c - 4*c - 229, 0 = 2*k - 3*c - 109. What is the greatest common divisor of k and 28?
28
Let a = -11 + 28. Suppose 2*g + 71 = a. Let v = g - -42. Calculate the greatest common factor of 60 and v.
15
Let i(d) = -d**2 - 6*d + 3. Let o be i(-6). Suppose o*b - 2*b = 18. Let u(t) = 125*t**2 + t. Let w be u(1). What is the greatest common factor of b and w?
18
Let x be 32/(-40) - (-732)/(-10). Let g = -50 - x. Calculate the highest common factor of 8 and g.
8
Let b be (-58)/(-3) - 4/(-6). Let l(i) = 20*i + 2. Let s(h) = h - 1. Let a(d) = -l(d) + 2*s(d). Let y be a(-3). What is the highest common divisor of b and y?
10
Let c(d) = 3 - 1 + 0*d**3 - 4*d**2 - d**3 - 2*d. Let p be c(-4). Suppose -n - 2*y = -p, -4*n - 5*y = -7*n + 52. Calculate the highest common factor of 2 and n.
2
Suppose -3*h - h - 5*q = -100, -5*h = q - 104. Let u be (7/7)/(1/h). Let n(x) = 3*x**2 + 1. Let b be n(-1). Calculate the greatest common factor of u and b.
4
Let i = 69 + -62. What is the greatest common factor of i and 70?
7
Suppose 0 = 14*j - 16*j + 2. Calculate the greatest common divisor of j and 11.
1
Let n be ((-18)/5)/((-4)/100). What is the greatest common divisor of 36 and n?
18
Let u be (-2)/3 + 88/6. Let y(o) = 19*o**2 + 4*o + 2. Let a be y(-2). What is the greatest common divisor of u and a?
14
Let n(k) = 15*k + 1. Let u be n(5). What is the highest common divisor of 19 and u?
19
Let a be 222/11 + (-10)/55. Calculate the greatest common divisor of 5 and a.
5
Let t = -107 + 127. Calculate the greatest common factor of 20 and t.
20
Let g(a) = -a**3 + 6*a**2 + a + 3. Let n be g(6). Let f be ((-3)/n)/(2/(-84)). Calculate the highest common divisor of f and 56.
14
Suppose -12 + 2 = -5*n, -n - 10 = -3*b. Calculate the highest common factor of 12 and b.
4
Let k = 9 + 0. Suppose 4*f - 30 = -f. Calculate the highest common divisor of k and f.
3
Let p = -97 - -169. Let n = -2 + 50. Calculate the highest common divisor of p and n.
24
Suppose -5*m + p + 9 = 0, 0 = 4*m - 3*m + 4*p + 15. Calculate the greatest common divisor of 8 and m.
1
Let o be 1/(3 + (-164)/56). Calculate the highest common factor of 70 and o.
14
Let c = 14 + 14. What is the highest common divisor of 14 and c?
14
Suppose i - 28 = 5*i. Let n(h) = -h**3 - 6*h**2 - 7. Let t be n(i). Let s be (-4)/(-6) + (-16)/(-3). What is the highest common factor of t and s?
6
Suppose z = 5*c - z - 94, 3*z - 9 = 0. Calculate the greatest common factor of c and 4.
4
Suppose -5*c - 3*i - 2*i = -505, -i = -2*c + 214. Calculate the highest common divisor of c and 15.
15
Let o = 26 + -18. Suppose -4*n = -5*l - 10, -4*l + 6 = n - 7. What is the greatest common divisor of l and o?
2
Suppose h = 5*h - 8. Suppose 5*j - 165 = -3*i, -j - 8 - 102 = -h*i. What is the greatest common factor of i and 11?
11
Let u(i) = 5*i**2 + 11*i + 9. Let h be u(-4). Let m = -1 + 10. Calculate the greatest common factor of h and m.
9
Let y(g) = -2*g**2 - 7*g - 4. Let r be y(-4). Let d be (1/(-3))/(r/24). What is the greatest common divisor of 1 and d?
1
Let m be (-5)/((-20)/(-8)) - -18. Calculate the highest common factor of 2 and m.
2
Let s be ((-3)/3)/((-3)/9). Let x(z) = z**3 - 4*z**2 - 8*z + 3. Suppose -q - 5 = -11. Let j be x(q). Calculate the greatest common divisor of j and s.
3
Suppose 0 = -6*x + 114 + 54. What is the greatest common divisor of 308 and x?
28
Let g(y) = -y - 8. Let u be g(-10). Let t(q) = 5*q**3 + 2*q**2 - 3*q + 2. Let n be t(u). Calculate the highest common divisor of n and 4.
4
Let u be (-5 + 11)*110/4. What is the greatest common factor of u and 15?
15
Let s = -155 + 332. Suppose -p - o = 3*p - 717, p - s = -o. What is the greatest common divisor of p and 20?
20
Let f(k) = k**2 - 7*k - 5. Let t be f(11). Calculate the highest common factor of 26 and t.
13
Let k(f) be the first derivative of -3*f**4/2 - 2*f**3/3 + f**2/2 - 2*f + 7. Let h be k(-2). What is the greatest common divisor of 54 and h?
18
Let o = 16 + -15. Let j be (-1 + (-1 - -3))*o. What is the greatest common divisor of 1 and j?
1
Let g(o) = 23*o + 1. Let u be g(3). Suppose -5*a + 5*s + 114 + 46 = 0, -4*s - 156 = -5*a. What is the highest common factor of u and a?
14
Let m be (184/12 - 2)/(8/36). Calculate the highest common factor of 24 and m.
12
Let b be (3 + -7)*(-242)/8. Suppose 2*j - 4*t - 10 = 0, 3*j = 5*t + 15 + 3. What is the greatest common divisor of b and j?
11
Let s be 2 + (-1)/(2 - (-21)/(-10)). What is the greatest common divisor of 60 and s?
12
Let b be ((-322)/(-8) - 3/12) + -1. Calculate the highest common factor of 52 and b.
13
Let o(q) = -q**3 - 3*q**2 + 3*q - 2. Let r be o(-4). Suppose 3*u = -r*u + 425. What is the greatest common factor of 34 and u?
17
Suppose -33 + 13 = -4*q. Suppose 0*n - 53 = -3*x + 4*n, x - q*n = 3. What is the greatest common divisor of 253 and x?
23
Let y be 3*3*(10 + -2). Suppose -t = 3*t - 28. Let j = 1 + t. Calculate the highest common factor of j and y.
8
Let l(f) = f**2 + 10*f - 14. Let j be l(-11). Let x be 45*((-3)/3 - j). Calculate the highest common divisor of x and 10.
10
Suppose 21*n - 18*n = 102. Calculate the highest common divisor of n and 17.
17
Let j = -62 - -94. What is the greatest common factor of 8 and j?
8
Let x(j) = -j**3 + j**2 - 7. Let w be x(0). Let l = w + 8. Calculate the greatest common divisor of 5 and l.
1
Let i = 105 + -5. Suppose 0 = -3*c, 200 = -3*y + 8*y - 3*c. Calculate the greatest common factor of y and i.
20
Let n = -54 + 62. Calculate the greatest common factor of n and 4.
4
Suppose 5*u - 80 = -3*t + 251, -2*t = 6. Let r be (-8)/u - (-616)/34. What is the greatest common divisor of 90 and r?
18
Suppose 2*c - 96 + 36 = 0. Let t = c + 102. Let p be (-164)/(-14) - (-2)/7. Calculate the greatest common divisor of p and t.
12
Let t be (49245/(-20))/(-7) + (-6)/8. What is the greatest common divisor of 39 and t?
39
Let h be (-54)/(-6) + (1 - -2). What is the greatest common divisor of h and 6?
6
Suppose 0 = 5*n - 527 + 167. Let g = 19 + n. Let l(b) = b**3 + 4*b**2 + 4. Let j be l(-3). What is the greatest common divisor of g and j?
13
Let n be (112/(-21))/((-4)/6). Suppose -5*x = -3*x - n. What is the greatest common factor of x and 8?
4
Let n(p) = p**2 + p - 17. Let l be n(7). What is the highest common factor of 26 and l?
13
Suppose -3*x + 208 + 89 = 0. Let z(c) = -c**2 - c**3 - 6*c**2 - 8*c + 0 - 3. Let i be z(-6). Calculate the highest common divisor of x and i.
9
Suppose o = 5*a - 12 + 267, 0 = -3*o + 2*a + 739. Let v = -137 + o. What is the highest common factor of v and 27?
27
Let f = -16 + 24. Suppose q + 3*w = 8, q - 4*w = 2*q - f. L